{"id":1647,"date":"2020-04-10T11:37:49","date_gmt":"2020-04-10T09:37:49","guid":{"rendered":"https:\/\/www.sindiaboldt.de\/family\/?page_id=1647"},"modified":"2021-01-05T13:53:24","modified_gmt":"2021-01-05T12:53:24","slug":"familienfotos-dachau","status":"publish","type":"page","link":"https:\/\/www.sindiaboldt.de\/family\/familienfotos-dachau\/","title":{"rendered":"Familienfotos Dachau &#8211; Euer Familienfotograf f\u00fcr zeitlos sch\u00f6ne Familienbilder!"},"content":{"rendered":"<h3 style=\"text-align: center;\">Hallo! Ich bin Sindia!<\/h3>\n<p style=\"text-align: center;\"><img loading=\"lazy\" decoding=\"async\" class=\"aligncenter size-full wp-image-1826\" title=\"Familienfotoshooting Dachau Familienfotograf Sindia Boldt Photography\" src=\"https:\/\/www.sindiaboldt.de\/family\/wp-content\/uploads\/sites\/4\/2020\/06\/Familienfotoshooting-Dachau-Familienfotograf-Sindia-Boldt-Photography.jpg\" alt=\"Familienfotoshooting Dachau Familienfotograf Sindia Boldt Photography\" width=\"580\" height=\"435\" srcset=\"https:\/\/www.sindiaboldt.de\/family\/wp-content\/uploads\/sites\/4\/2020\/06\/Familienfotoshooting-Dachau-Familienfotograf-Sindia-Boldt-Photography.jpg 580w, https:\/\/www.sindiaboldt.de\/family\/wp-content\/uploads\/sites\/4\/2020\/06\/Familienfotoshooting-Dachau-Familienfotograf-Sindia-Boldt-Photography-300x225.jpg 300w\" sizes=\"auto, (max-width: 580px) 100vw, 580px\" \/>Fotografin f\u00fcr Euer Familienfotos Dachau! Ich bin seit \u00fcber 10 Jahren verheiratet und habe eine zuckers\u00fc\u00dfe Tochter.\u00a0 Diese <strong>wunderbaren zarten Momente des Gl\u00fccks<\/strong>, wenn ein schlafwarmer Kinderk\u00f6rper sich unter deine Bettdecke kuschelt. Wenn ein lautes Kinderlachen durchs Haus schallt. Das erste wackelige Spazierengehen an Papas Hand. Die L\u00f6ckchen, die sich jeden Morgen nur schwer b\u00e4ndigen lassen. All das sind <strong>Momentaufnahmen, die wir nicht genug sch\u00e4tzen k\u00f6nnen.<\/strong><\/p>\n<h3 style=\"text-align: center;\">Seit sie auf der Welt ist, wei\u00df ich wie wichtig Familienfotos sind!<\/h3>\n<p style=\"text-align: center;\">Mein Ziel ist es jede dieser Meilensteine f\u00fcr Euch in <strong>wundersch\u00f6nen zeitlosen Familienfotos<\/strong> festzuhalten. Statt Kitsch und gestellter Posen m\u00f6chte ich Bilder von Euch schaffen, die Euch und Eure Gef\u00fchle f\u00fcreinander zeigen. Die voller Liebe und Zuneigung sind. Die ausdr\u00fccken, wie fest Euer Band als Familie ist. Kleine Gesten werden so zur <strong>emotionalen Reserve, die Euch Jahre sp\u00e4ter zum gr\u00f6\u00dften Schatz werden<\/strong>. F\u00fcr Euch als Eltern, aber auch f\u00fcr Eure Kinder! Wie wertvoll wird dieses Bild f\u00fcr deine Tochter sein? Du h\u00e4lst sie im Arm, besch\u00fctzt sie und umf\u00e4ngst sie mit all deiner Liebe! Wie wunderbar getragen wird sich Euer Sohn f\u00fchlen, wenn er als Erwachsender das Bild betrachtet, auf dem Papa ihn auf den Schultern getragen hat? <strong>Familienfotos Dachau voller Emotion und Bedeutung<\/strong>! Das ist wof\u00fcr ich brenne!<\/p>\n","protected":false},"excerpt":{"rendered":"<p>Hallo! Ich bin Sindia! Fotografin f\u00fcr Euer Familienfotos Dachau! Ich bin seit \u00fcber 10 Jahren verheiratet und habe eine zuckers\u00fc\u00dfe Tochter.\u00a0 Diese wunderbaren zarten Momente des Gl\u00fccks, wenn ein schlafwarmer Kinderk\u00f6rper sich unter deine Bettdecke kuschelt. Wenn ein lautes Kinderlachen durchs Haus schallt. Das erste wackelige Spazierengehen an Papas Hand. Die L\u00f6ckchen, die sich jeden [&hellip;]<\/p>\n","protected":false},"author":1,"featured_media":0,"parent":0,"menu_order":0,"comment_status":"closed","ping_status":"closed","template":"","meta":{"footnotes":""},"class_list":["post-1647","page","type-page","status-publish"],"yoast_head":"<!-- This site is optimized with the Yoast SEO plugin v26.8 - https:\/\/yoast.com\/product\/yoast-seo-wordpress\/ -->\n<title>Familienfotos Dachau - Euer Familienfotograf f\u00fcr zeitlos sch\u00f6ne Familienbilder!<\/title>\n<meta name=\"description\" content=\"Fotografin f\u00fcr Euer Familienfotos Dachau - jetzt mehr Infos anfordern! Ich freue mich auf Euch und Eure wunderbaren Kinder!\" \/>\n<meta name=\"robots\" content=\"index, follow, max-snippet:-1, max-image-preview:large, max-video-preview:-1\" \/>\n<link rel=\"canonical\" href=\"https:\/\/www.sindiaboldt.de\/family\/familienfotos-dachau\/\" \/>\n<meta property=\"og:locale\" content=\"de_DE\" \/>\n<meta property=\"og:type\" content=\"article\" \/>\n<meta property=\"og:title\" content=\"Familienfotos Dachau - Euer Familienfotograf f\u00fcr zeitlos sch\u00f6ne Familienbilder!\" \/>\n<meta property=\"og:description\" content=\"Fotografin f\u00fcr Euer Familienfotos Dachau - jetzt mehr Infos anfordern! Ich freue mich auf Euch und Eure wunderbaren Kinder!\" \/>\n<meta property=\"og:url\" content=\"https:\/\/www.sindiaboldt.de\/family\/familienfotos-dachau\/\" \/>\n<meta property=\"og:site_name\" content=\"Familienfotograf M\u00fcnchen\" \/>\n<meta property=\"article:modified_time\" content=\"2021-01-05T12:53:24+00:00\" \/>\n<meta property=\"og:image\" content=\"https:\/\/www.sindiaboldt.de\/family\/wp-content\/uploads\/sites\/4\/2020\/06\/Familienfotoshooting-Dachau-Familienfotograf-Sindia-Boldt-Photography.jpg\" \/>\n<meta name=\"twitter:card\" content=\"summary_large_image\" \/>\n<meta name=\"twitter:label1\" content=\"Gesch\u00e4tzte Lesezeit\" \/>\n\t<meta name=\"twitter:data1\" content=\"1\u00a0Minute\" \/>\n<script type=\"application\/ld+json\" class=\"yoast-schema-graph\">{\"@context\":\"https:\/\/schema.org\",\"@graph\":[{\"@type\":\"WebPage\",\"@id\":\"https:\/\/www.sindiaboldt.de\/family\/familienfotos-dachau\/\",\"url\":\"https:\/\/www.sindiaboldt.de\/family\/familienfotos-dachau\/\",\"name\":\"Familienfotos Dachau - Euer Familienfotograf f\u00fcr zeitlos sch\u00f6ne Familienbilder!\",\"isPartOf\":{\"@id\":\"https:\/\/www.sindiaboldt.de\/family\/#website\"},\"primaryImageOfPage\":{\"@id\":\"https:\/\/www.sindiaboldt.de\/family\/familienfotos-dachau\/#primaryimage\"},\"image\":{\"@id\":\"https:\/\/www.sindiaboldt.de\/family\/familienfotos-dachau\/#primaryimage\"},\"thumbnailUrl\":\"https:\/\/www.sindiaboldt.de\/family\/wp-content\/uploads\/sites\/4\/2020\/06\/Familienfotoshooting-Dachau-Familienfotograf-Sindia-Boldt-Photography.jpg\",\"datePublished\":\"2020-04-10T09:37:49+00:00\",\"dateModified\":\"2021-01-05T12:53:24+00:00\",\"description\":\"Fotografin f\u00fcr Euer Familienfotos Dachau - jetzt mehr Infos anfordern! Ich freue mich auf Euch und Eure wunderbaren Kinder!\",\"breadcrumb\":{\"@id\":\"https:\/\/www.sindiaboldt.de\/family\/familienfotos-dachau\/#breadcrumb\"},\"inLanguage\":\"de\",\"potentialAction\":[{\"@type\":\"ReadAction\",\"target\":[\"https:\/\/www.sindiaboldt.de\/family\/familienfotos-dachau\/\"]}]},{\"@type\":\"ImageObject\",\"inLanguage\":\"de\",\"@id\":\"https:\/\/www.sindiaboldt.de\/family\/familienfotos-dachau\/#primaryimage\",\"url\":\"https:\/\/www.sindiaboldt.de\/family\/wp-content\/uploads\/sites\/4\/2020\/06\/Familienfotoshooting-Dachau-Familienfotograf-Sindia-Boldt-Photography.jpg\",\"contentUrl\":\"https:\/\/www.sindiaboldt.de\/family\/wp-content\/uploads\/sites\/4\/2020\/06\/Familienfotoshooting-Dachau-Familienfotograf-Sindia-Boldt-Photography.jpg\",\"width\":580,\"height\":435,\"caption\":\"Familienfotoshooting Dachau Familienfotograf Sindia Boldt Photography\"},{\"@type\":\"BreadcrumbList\",\"@id\":\"https:\/\/www.sindiaboldt.de\/family\/familienfotos-dachau\/#breadcrumb\",\"itemListElement\":[{\"@type\":\"ListItem\",\"position\":1,\"name\":\"Home\",\"item\":\"https:\/\/www.sindiaboldt.de\/family\/\"},{\"@type\":\"ListItem\",\"position\":2,\"name\":\"Familienfotos Dachau &#8211; Euer Familienfotograf f\u00fcr zeitlos sch\u00f6ne Familienbilder!\"}]},{\"@type\":\"WebSite\",\"@id\":\"https:\/\/www.sindiaboldt.de\/family\/#website\",\"url\":\"https:\/\/www.sindiaboldt.de\/family\/\",\"name\":\"Familienfotograf M\u00fcnchen\",\"description\":\"Sindia Boldt, Familien Fotograf M\u00fcnchen und Umgebung\",\"potentialAction\":[{\"@type\":\"SearchAction\",\"target\":{\"@type\":\"EntryPoint\",\"urlTemplate\":\"https:\/\/www.sindiaboldt.de\/family\/?s={search_term_string}\"},\"query-input\":{\"@type\":\"PropertyValueSpecification\",\"valueRequired\":true,\"valueName\":\"search_term_string\"}}],\"inLanguage\":\"de\"}]}<\/script>\n<!-- \/ Yoast SEO plugin. -->","yoast_head_json":{"title":"Familienfotos Dachau - Euer Familienfotograf f\u00fcr zeitlos sch\u00f6ne Familienbilder!","description":"Fotografin f\u00fcr Euer Familienfotos Dachau - jetzt mehr Infos anfordern! Ich freue mich auf Euch und Eure wunderbaren Kinder!","robots":{"index":"index","follow":"follow","max-snippet":"max-snippet:-1","max-image-preview":"max-image-preview:large","max-video-preview":"max-video-preview:-1"},"canonical":"https:\/\/www.sindiaboldt.de\/family\/familienfotos-dachau\/","og_locale":"de_DE","og_type":"article","og_title":"Familienfotos Dachau - Euer Familienfotograf f\u00fcr zeitlos sch\u00f6ne Familienbilder!","og_description":"Fotografin f\u00fcr Euer Familienfotos Dachau - jetzt mehr Infos anfordern! Ich freue mich auf Euch und Eure wunderbaren Kinder!","og_url":"https:\/\/www.sindiaboldt.de\/family\/familienfotos-dachau\/","og_site_name":"Familienfotograf M\u00fcnchen","article_modified_time":"2021-01-05T12:53:24+00:00","og_image":[{"url":"https:\/\/www.sindiaboldt.de\/family\/wp-content\/uploads\/sites\/4\/2020\/06\/Familienfotoshooting-Dachau-Familienfotograf-Sindia-Boldt-Photography.jpg","type":"","width":"","height":""}],"twitter_card":"summary_large_image","twitter_misc":{"Gesch\u00e4tzte Lesezeit":"1\u00a0Minute"},"schema":{"@context":"https:\/\/schema.org","@graph":[{"@type":"WebPage","@id":"https:\/\/www.sindiaboldt.de\/family\/familienfotos-dachau\/","url":"https:\/\/www.sindiaboldt.de\/family\/familienfotos-dachau\/","name":"Familienfotos Dachau - Euer Familienfotograf f\u00fcr zeitlos sch\u00f6ne Familienbilder!","isPartOf":{"@id":"https:\/\/www.sindiaboldt.de\/family\/#website"},"primaryImageOfPage":{"@id":"https:\/\/www.sindiaboldt.de\/family\/familienfotos-dachau\/#primaryimage"},"image":{"@id":"https:\/\/www.sindiaboldt.de\/family\/familienfotos-dachau\/#primaryimage"},"thumbnailUrl":"https:\/\/www.sindiaboldt.de\/family\/wp-content\/uploads\/sites\/4\/2020\/06\/Familienfotoshooting-Dachau-Familienfotograf-Sindia-Boldt-Photography.jpg","datePublished":"2020-04-10T09:37:49+00:00","dateModified":"2021-01-05T12:53:24+00:00","description":"Fotografin f\u00fcr Euer Familienfotos Dachau - jetzt mehr Infos anfordern! Ich freue mich auf Euch und Eure wunderbaren Kinder!","breadcrumb":{"@id":"https:\/\/www.sindiaboldt.de\/family\/familienfotos-dachau\/#breadcrumb"},"inLanguage":"de","potentialAction":[{"@type":"ReadAction","target":["https:\/\/www.sindiaboldt.de\/family\/familienfotos-dachau\/"]}]},{"@type":"ImageObject","inLanguage":"de","@id":"https:\/\/www.sindiaboldt.de\/family\/familienfotos-dachau\/#primaryimage","url":"https:\/\/www.sindiaboldt.de\/family\/wp-content\/uploads\/sites\/4\/2020\/06\/Familienfotoshooting-Dachau-Familienfotograf-Sindia-Boldt-Photography.jpg","contentUrl":"https:\/\/www.sindiaboldt.de\/family\/wp-content\/uploads\/sites\/4\/2020\/06\/Familienfotoshooting-Dachau-Familienfotograf-Sindia-Boldt-Photography.jpg","width":580,"height":435,"caption":"Familienfotoshooting Dachau Familienfotograf Sindia Boldt Photography"},{"@type":"BreadcrumbList","@id":"https:\/\/www.sindiaboldt.de\/family\/familienfotos-dachau\/#breadcrumb","itemListElement":[{"@type":"ListItem","position":1,"name":"Home","item":"https:\/\/www.sindiaboldt.de\/family\/"},{"@type":"ListItem","position":2,"name":"Familienfotos Dachau &#8211; Euer Familienfotograf f\u00fcr zeitlos sch\u00f6ne Familienbilder!"}]},{"@type":"WebSite","@id":"https:\/\/www.sindiaboldt.de\/family\/#website","url":"https:\/\/www.sindiaboldt.de\/family\/","name":"Familienfotograf M\u00fcnchen","description":"Sindia Boldt, Familien Fotograf M\u00fcnchen und Umgebung","potentialAction":[{"@type":"SearchAction","target":{"@type":"EntryPoint","urlTemplate":"https:\/\/www.sindiaboldt.de\/family\/?s={search_term_string}"},"query-input":{"@type":"PropertyValueSpecification","valueRequired":true,"valueName":"search_term_string"}}],"inLanguage":"de"}]}},"_links":{"self":[{"href":"https:\/\/www.sindiaboldt.de\/family\/wp-json\/wp\/v2\/pages\/1647","targetHints":{"allow":["GET"]}}],"collection":[{"href":"https:\/\/www.sindiaboldt.de\/family\/wp-json\/wp\/v2\/pages"}],"about":[{"href":"https:\/\/www.sindiaboldt.de\/family\/wp-json\/wp\/v2\/types\/page"}],"author":[{"embeddable":true,"href":"https:\/\/www.sindiaboldt.de\/family\/wp-json\/wp\/v2\/users\/1"}],"replies":[{"embeddable":true,"href":"https:\/\/www.sindiaboldt.de\/family\/wp-json\/wp\/v2\/comments?post=1647"}],"version-history":[{"count":0,"href":"https:\/\/www.sindiaboldt.de\/family\/wp-json\/wp\/v2\/pages\/1647\/revisions"}],"wp:attachment":[{"href":"https:\/\/www.sindiaboldt.de\/family\/wp-json\/wp\/v2\/media?parent=1647"}],"curies":[{"name":"wp","href":"https:\/\/api.w.org\/{rel}","templated":true}]}}