{"id":9261,"date":"2020-04-03T21:29:39","date_gmt":"2020-04-03T19:29:39","guid":{"rendered":"https:\/\/www.sindiaboldt.de\/wedding\/?page_id=9261"},"modified":"2022-04-14T16:39:45","modified_gmt":"2022-04-14T14:39:45","slug":"hochzeitsfotograf-freising","status":"publish","type":"page","link":"https:\/\/www.sindiaboldt.de\/wedding\/hochzeitsfotograf-freising\/","title":{"rendered":"Hochzeitsfotograf Freising &#8211; Hochwertige Hochzeitsbilder"},"content":{"rendered":"<p style=\"text-align: center\">Willkommen! Ich bin Sindia, Euer Hochzeitsfotograf Freising! Ich bin auf elegante, zeitlose Hochzeitsfotografie spezialisiert und freue mich sehr, dass Ihr mich gefunden habt! Mit meinem Team begleite ich Brautpaare seit fast 10 Jahren und kann mir nichts Sch\u00f6neres vorstellen! Mir ist besonders wichtig, dass wir die gleichen Vorlieben und Herzsprung-Momente haben. Schl\u00f6sser, Herrenh\u00e4user, k\u00f6nigliche Locations mit Geschichte und Flair &#8211; das ist meine Spezialit\u00e4t! Ihr plant eine romantische Hochzeit mit ausgiebigem Dinner, Reden und klassischem Flair? &#8220;Lustige&#8221; Spiele sind Euch ein Graus? Dann sollten wir uns auf jeden Fall kennenlernen! Denn diesen einzigartigen Tag Eurer Liebe verdient einen Hochzeitsfotograf, der genau das f\u00fcr Euch fotografiert, was Ihr Euch bei der Planung ertr\u00e4umt. Als Hochzeitsfotograf Freising begleite ich Euch mit dem Fokus auf zeitlos, eleganten Hochzeitsbildern auf denen Ihr wundersch\u00f6n aussehen werdet! Wir begleiten Euch mit viel Erfahrung, Einf\u00fchlungsverm\u00f6gen sind dabei fast unsichtbar aber wenn n\u00f6tig immer zur Stelle. Egal ob das Standesamt in Freising oder eine kirchliche Feier in St. Peter und Paul &#8211; erz\u00e4hlt mir von Euren W\u00fcnschen und Vorstellungen! Ich freue mich sehr darauf Euch an diesem wunderbaren Tag &#8211; Eurer Hochzeit in Freising und Umgebung zu begleiten.<\/p>\n","protected":false},"excerpt":{"rendered":"<p>Willkommen! Ich bin Sindia, Euer Hochzeitsfotograf Freising! Ich bin auf elegante, zeitlose Hochzeitsfotografie spezialisiert und freue mich sehr, dass Ihr mich gefunden habt! Mit meinem Team begleite ich Brautpaare seit fast 10 Jahren und kann mir nichts Sch\u00f6neres vorstellen! Mir ist besonders wichtig, dass wir die gleichen Vorlieben und Herzsprung-Momente haben. Schl\u00f6sser, Herrenh\u00e4user, k\u00f6nigliche Locations [&hellip;]<\/p>\n","protected":false},"author":1,"featured_media":0,"parent":0,"menu_order":0,"comment_status":"closed","ping_status":"closed","template":"","meta":{"footnotes":""},"class_list":["post-9261","page","type-page","status-publish"],"yoast_head":"<!-- This site is optimized with the Yoast SEO plugin v26.8 - https:\/\/yoast.com\/product\/yoast-seo-wordpress\/ -->\n<title>Hochzeitsfotograf Freising - Hochwertige Hochzeitsbilder<\/title>\n<meta name=\"description\" content=\"\u2665 Hochzeitsfotograf Freising &amp; Umgebung: Hochwertige Hochzeitsbilder f\u00fcr Eure elegante Schlosshochzeit. Jetzt Kennenlernen vereinbaren! \u2665\" \/>\n<meta name=\"robots\" content=\"index, follow, max-snippet:-1, max-image-preview:large, max-video-preview:-1\" \/>\n<link rel=\"canonical\" href=\"https:\/\/www.sindiaboldt.de\/wedding\/hochzeitsfotograf-freising\/\" \/>\n<meta property=\"og:locale\" content=\"de_DE\" \/>\n<meta property=\"og:type\" content=\"article\" \/>\n<meta property=\"og:title\" content=\"Hochzeitsfotograf Freising - Hochwertige Hochzeitsbilder\" \/>\n<meta property=\"og:description\" content=\"\u2665 Hochzeitsfotograf Freising &amp; Umgebung: Hochwertige Hochzeitsbilder f\u00fcr Eure elegante Schlosshochzeit. Jetzt Kennenlernen vereinbaren! \u2665\" \/>\n<meta property=\"og:url\" content=\"https:\/\/www.sindiaboldt.de\/wedding\/hochzeitsfotograf-freising\/\" \/>\n<meta property=\"og:site_name\" content=\"Wedding\" \/>\n<meta property=\"article:modified_time\" content=\"2022-04-14T14:39:45+00:00\" \/>\n<meta name=\"twitter:card\" content=\"summary_large_image\" \/>\n<meta name=\"twitter:label1\" content=\"Gesch\u00e4tzte Lesezeit\" \/>\n\t<meta name=\"twitter:data1\" content=\"1\u00a0Minute\" \/>\n<script type=\"application\/ld+json\" class=\"yoast-schema-graph\">{\"@context\":\"https:\/\/schema.org\",\"@graph\":[{\"@type\":\"WebPage\",\"@id\":\"https:\/\/www.sindiaboldt.de\/wedding\/hochzeitsfotograf-freising\/\",\"url\":\"https:\/\/www.sindiaboldt.de\/wedding\/hochzeitsfotograf-freising\/\",\"name\":\"Hochzeitsfotograf Freising - Hochwertige Hochzeitsbilder\",\"isPartOf\":{\"@id\":\"https:\/\/www.sindiaboldt.de\/wedding\/#website\"},\"datePublished\":\"2020-04-03T19:29:39+00:00\",\"dateModified\":\"2022-04-14T14:39:45+00:00\",\"description\":\"\u2665 Hochzeitsfotograf Freising & Umgebung: Hochwertige Hochzeitsbilder f\u00fcr Eure elegante Schlosshochzeit. Jetzt Kennenlernen vereinbaren! \u2665\",\"breadcrumb\":{\"@id\":\"https:\/\/www.sindiaboldt.de\/wedding\/hochzeitsfotograf-freising\/#breadcrumb\"},\"inLanguage\":\"de\",\"potentialAction\":[{\"@type\":\"ReadAction\",\"target\":[\"https:\/\/www.sindiaboldt.de\/wedding\/hochzeitsfotograf-freising\/\"]}]},{\"@type\":\"BreadcrumbList\",\"@id\":\"https:\/\/www.sindiaboldt.de\/wedding\/hochzeitsfotograf-freising\/#breadcrumb\",\"itemListElement\":[{\"@type\":\"ListItem\",\"position\":1,\"name\":\"Home\",\"item\":\"https:\/\/www.sindiaboldt.de\/wedding\/\"},{\"@type\":\"ListItem\",\"position\":2,\"name\":\"Hochzeitsfotograf Freising &#8211; Hochwertige Hochzeitsbilder\"}]},{\"@type\":\"WebSite\",\"@id\":\"https:\/\/www.sindiaboldt.de\/wedding\/#website\",\"url\":\"https:\/\/www.sindiaboldt.de\/wedding\/\",\"name\":\"Wedding\",\"description\":\"Sindia Boldt Hochzeitsfotograf M\u00fcnchen\",\"potentialAction\":[{\"@type\":\"SearchAction\",\"target\":{\"@type\":\"EntryPoint\",\"urlTemplate\":\"https:\/\/www.sindiaboldt.de\/wedding\/?s={search_term_string}\"},\"query-input\":{\"@type\":\"PropertyValueSpecification\",\"valueRequired\":true,\"valueName\":\"search_term_string\"}}],\"inLanguage\":\"de\"}]}<\/script>\n<!-- \/ Yoast SEO plugin. -->","yoast_head_json":{"title":"Hochzeitsfotograf Freising - Hochwertige Hochzeitsbilder","description":"\u2665 Hochzeitsfotograf Freising & Umgebung: Hochwertige Hochzeitsbilder f\u00fcr Eure elegante Schlosshochzeit. Jetzt Kennenlernen vereinbaren! \u2665","robots":{"index":"index","follow":"follow","max-snippet":"max-snippet:-1","max-image-preview":"max-image-preview:large","max-video-preview":"max-video-preview:-1"},"canonical":"https:\/\/www.sindiaboldt.de\/wedding\/hochzeitsfotograf-freising\/","og_locale":"de_DE","og_type":"article","og_title":"Hochzeitsfotograf Freising - Hochwertige Hochzeitsbilder","og_description":"\u2665 Hochzeitsfotograf Freising & Umgebung: Hochwertige Hochzeitsbilder f\u00fcr Eure elegante Schlosshochzeit. Jetzt Kennenlernen vereinbaren! \u2665","og_url":"https:\/\/www.sindiaboldt.de\/wedding\/hochzeitsfotograf-freising\/","og_site_name":"Wedding","article_modified_time":"2022-04-14T14:39:45+00:00","twitter_card":"summary_large_image","twitter_misc":{"Gesch\u00e4tzte Lesezeit":"1\u00a0Minute"},"schema":{"@context":"https:\/\/schema.org","@graph":[{"@type":"WebPage","@id":"https:\/\/www.sindiaboldt.de\/wedding\/hochzeitsfotograf-freising\/","url":"https:\/\/www.sindiaboldt.de\/wedding\/hochzeitsfotograf-freising\/","name":"Hochzeitsfotograf Freising - Hochwertige Hochzeitsbilder","isPartOf":{"@id":"https:\/\/www.sindiaboldt.de\/wedding\/#website"},"datePublished":"2020-04-03T19:29:39+00:00","dateModified":"2022-04-14T14:39:45+00:00","description":"\u2665 Hochzeitsfotograf Freising & Umgebung: Hochwertige Hochzeitsbilder f\u00fcr Eure elegante Schlosshochzeit. Jetzt Kennenlernen vereinbaren! \u2665","breadcrumb":{"@id":"https:\/\/www.sindiaboldt.de\/wedding\/hochzeitsfotograf-freising\/#breadcrumb"},"inLanguage":"de","potentialAction":[{"@type":"ReadAction","target":["https:\/\/www.sindiaboldt.de\/wedding\/hochzeitsfotograf-freising\/"]}]},{"@type":"BreadcrumbList","@id":"https:\/\/www.sindiaboldt.de\/wedding\/hochzeitsfotograf-freising\/#breadcrumb","itemListElement":[{"@type":"ListItem","position":1,"name":"Home","item":"https:\/\/www.sindiaboldt.de\/wedding\/"},{"@type":"ListItem","position":2,"name":"Hochzeitsfotograf Freising &#8211; Hochwertige Hochzeitsbilder"}]},{"@type":"WebSite","@id":"https:\/\/www.sindiaboldt.de\/wedding\/#website","url":"https:\/\/www.sindiaboldt.de\/wedding\/","name":"Wedding","description":"Sindia Boldt Hochzeitsfotograf M\u00fcnchen","potentialAction":[{"@type":"SearchAction","target":{"@type":"EntryPoint","urlTemplate":"https:\/\/www.sindiaboldt.de\/wedding\/?s={search_term_string}"},"query-input":{"@type":"PropertyValueSpecification","valueRequired":true,"valueName":"search_term_string"}}],"inLanguage":"de"}]}},"_links":{"self":[{"href":"https:\/\/www.sindiaboldt.de\/wedding\/wp-json\/wp\/v2\/pages\/9261","targetHints":{"allow":["GET"]}}],"collection":[{"href":"https:\/\/www.sindiaboldt.de\/wedding\/wp-json\/wp\/v2\/pages"}],"about":[{"href":"https:\/\/www.sindiaboldt.de\/wedding\/wp-json\/wp\/v2\/types\/page"}],"author":[{"embeddable":true,"href":"https:\/\/www.sindiaboldt.de\/wedding\/wp-json\/wp\/v2\/users\/1"}],"replies":[{"embeddable":true,"href":"https:\/\/www.sindiaboldt.de\/wedding\/wp-json\/wp\/v2\/comments?post=9261"}],"version-history":[{"count":0,"href":"https:\/\/www.sindiaboldt.de\/wedding\/wp-json\/wp\/v2\/pages\/9261\/revisions"}],"wp:attachment":[{"href":"https:\/\/www.sindiaboldt.de\/wedding\/wp-json\/wp\/v2\/media?parent=9261"}],"curies":[{"name":"wp","href":"https:\/\/api.w.org\/{rel}","templated":true}]}}