{"id":9700,"date":"2020-07-14T14:10:49","date_gmt":"2020-07-14T12:10:49","guid":{"rendered":"https:\/\/www.sindiaboldt.de\/wedding\/?page_id=9700"},"modified":"2022-03-28T15:25:53","modified_gmt":"2022-03-28T13:25:53","slug":"paarshooting-muenchen","status":"publish","type":"page","link":"https:\/\/www.sindiaboldt.de\/wedding\/paarshooting-muenchen\/","title":{"rendered":"Paarshooting M\u00fcnchen &#8211; Ein Fotoshooting f\u00fcr Zwei"},"content":{"rendered":"<h1 style=\"text-align: center\">PAARSHOOTING M\u00dcNCHEN &#8211; EIN FOTOSHOOTING F\u00dcR ZWEI<\/h1>\n<p class=\"has-text-align-center\">Ein Paarshooting M\u00fcnchen &#8211; vielleicht genau das Richtige f\u00fcr Euch? Ihr seid ein Herz und eine Seele? Frisch verliebt oder schon 15 Jahre ein Paar? Ihr m\u00f6chtet einander zeigen wie sehr Ihr Euch liebt und etwas <strong>Besonderes erleben<\/strong>? Dann ist ein <strong>Paarshooting<\/strong> M\u00fcnchen eine wundervolle M\u00f6glichkeit! Ihr nehmt Euch Zeit f\u00fcreinander, verbringt wundervolle Momente und habt als Zeugnis Eurer Liebe <strong>Herzschlagbilder von Euch als Paar<\/strong>!<\/p>\n<p class=\"has-text-align-center\">Jedes Paar hat eine <strong>ganz eigene Geschichte<\/strong>. Kleine Gesten und Blicke verraten wie viel Ihr schon miteinander erlebt habt und wovon Ihr noch tr\u00e4umt. Bei Eurem Paarshooting nehme ich genau das in den Fokus. Wer seid Ihr? Wer seid Ihr als Paar? Was macht Euch aus? Wie zeigt Ihr Euch Eure Liebe? <strong>In zeitlos sch\u00f6nen Bildern lasse ich Eure Gef\u00fchle f\u00fcreinander sichtbar werden.<\/strong><\/p>\n<p class=\"has-text-align-center\">Ich lade Euch ein auf einen einen <strong>romantischen Spaziergang in der Abendsonne<\/strong>, oder eine sch\u00f6nen Nachmittag im Park, an einem Schloss oder einem Ort, der Euch viel bedeutet. Gemeinsam <strong>finden wir heraus was f\u00fcr Euer Paarshooting M\u00fcnchen das Richtige ist<\/strong>. Mir ist wichtig, dass Ihr ganz bei Euch sein k\u00f6nnt, deshalb sind meine Paarshootings immer ganz auf Euch zugeschnitten. Ihr lebt au\u00dferhalb von M\u00fcnchen? Kein Problem. In meinem Angebot ist eine Anfahrt von 50km um M\u00fcnchen immer inklusive. Gerne berate ich Euch zu Euren Outfits und der M\u00f6glichkeit zu Hair &amp; MakeUp Styling. Ihr sollt Euch auf Euren Bildern uneingeschr\u00e4nkt gefallen und da hilft es sehr sich im Vorfeld Gedanken zu machen, alles in Ruhe zu planen und am Shootingtag ganz entspannt zu starten. <u><\/u><\/p>\n","protected":false},"excerpt":{"rendered":"<p>PAARSHOOTING M\u00dcNCHEN &#8211; EIN FOTOSHOOTING F\u00dcR ZWEI Ein Paarshooting M\u00fcnchen &#8211; vielleicht genau das Richtige f\u00fcr Euch? Ihr seid ein Herz und eine Seele? Frisch verliebt oder schon 15 Jahre ein Paar? Ihr m\u00f6chtet einander zeigen wie sehr Ihr Euch liebt und etwas Besonderes erleben? Dann ist ein Paarshooting M\u00fcnchen eine wundervolle M\u00f6glichkeit! Ihr nehmt [&hellip;]<\/p>\n","protected":false},"author":1,"featured_media":0,"parent":0,"menu_order":0,"comment_status":"closed","ping_status":"closed","template":"","meta":{"footnotes":""},"class_list":["post-9700","page","type-page","status-publish"],"yoast_head":"<!-- This site is optimized with the Yoast SEO plugin v26.8 - https:\/\/yoast.com\/product\/yoast-seo-wordpress\/ -->\n<title>Paarshooting M\u00fcnchen - Ein Fotoshooting f\u00fcr Zwei<\/title>\n<meta name=\"description\" content=\"Ein Paarshooting M\u00fcnchen - vielleicht genau das Richtige f\u00fcr Euch? Herzschlagbilder vom professionellen Fotografen mit dem Auge f\u00fcr zeitlose Sch\u00f6nheit!\" \/>\n<meta name=\"robots\" content=\"index, follow, max-snippet:-1, max-image-preview:large, max-video-preview:-1\" \/>\n<link rel=\"canonical\" href=\"https:\/\/www.sindiaboldt.de\/wedding\/paarshooting-muenchen\/\" \/>\n<meta property=\"og:locale\" content=\"de_DE\" \/>\n<meta property=\"og:type\" content=\"article\" \/>\n<meta property=\"og:title\" content=\"Paarshooting M\u00fcnchen - Ein Fotoshooting f\u00fcr Zwei\" \/>\n<meta property=\"og:description\" content=\"Ein Paarshooting M\u00fcnchen - vielleicht genau das Richtige f\u00fcr Euch? Herzschlagbilder vom professionellen Fotografen mit dem Auge f\u00fcr zeitlose Sch\u00f6nheit!\" \/>\n<meta property=\"og:url\" content=\"https:\/\/www.sindiaboldt.de\/wedding\/paarshooting-muenchen\/\" \/>\n<meta property=\"og:site_name\" content=\"Wedding\" \/>\n<meta property=\"article:modified_time\" content=\"2022-03-28T13:25:53+00:00\" \/>\n<meta name=\"twitter:card\" content=\"summary_large_image\" \/>\n<meta name=\"twitter:label1\" content=\"Gesch\u00e4tzte Lesezeit\" \/>\n\t<meta name=\"twitter:data1\" content=\"1\u00a0Minute\" \/>\n<script type=\"application\/ld+json\" class=\"yoast-schema-graph\">{\"@context\":\"https:\/\/schema.org\",\"@graph\":[{\"@type\":\"WebPage\",\"@id\":\"https:\/\/www.sindiaboldt.de\/wedding\/paarshooting-muenchen\/\",\"url\":\"https:\/\/www.sindiaboldt.de\/wedding\/paarshooting-muenchen\/\",\"name\":\"Paarshooting M\u00fcnchen - Ein Fotoshooting f\u00fcr Zwei\",\"isPartOf\":{\"@id\":\"https:\/\/www.sindiaboldt.de\/wedding\/#website\"},\"datePublished\":\"2020-07-14T12:10:49+00:00\",\"dateModified\":\"2022-03-28T13:25:53+00:00\",\"description\":\"Ein Paarshooting M\u00fcnchen - vielleicht genau das Richtige f\u00fcr Euch? Herzschlagbilder vom professionellen Fotografen mit dem Auge f\u00fcr zeitlose Sch\u00f6nheit!\",\"breadcrumb\":{\"@id\":\"https:\/\/www.sindiaboldt.de\/wedding\/paarshooting-muenchen\/#breadcrumb\"},\"inLanguage\":\"de\",\"potentialAction\":[{\"@type\":\"ReadAction\",\"target\":[\"https:\/\/www.sindiaboldt.de\/wedding\/paarshooting-muenchen\/\"]}]},{\"@type\":\"BreadcrumbList\",\"@id\":\"https:\/\/www.sindiaboldt.de\/wedding\/paarshooting-muenchen\/#breadcrumb\",\"itemListElement\":[{\"@type\":\"ListItem\",\"position\":1,\"name\":\"Home\",\"item\":\"https:\/\/www.sindiaboldt.de\/wedding\/\"},{\"@type\":\"ListItem\",\"position\":2,\"name\":\"Paarshooting M\u00fcnchen &#8211; Ein Fotoshooting f\u00fcr Zwei\"}]},{\"@type\":\"WebSite\",\"@id\":\"https:\/\/www.sindiaboldt.de\/wedding\/#website\",\"url\":\"https:\/\/www.sindiaboldt.de\/wedding\/\",\"name\":\"Wedding\",\"description\":\"Sindia Boldt Hochzeitsfotograf M\u00fcnchen\",\"potentialAction\":[{\"@type\":\"SearchAction\",\"target\":{\"@type\":\"EntryPoint\",\"urlTemplate\":\"https:\/\/www.sindiaboldt.de\/wedding\/?s={search_term_string}\"},\"query-input\":{\"@type\":\"PropertyValueSpecification\",\"valueRequired\":true,\"valueName\":\"search_term_string\"}}],\"inLanguage\":\"de\"}]}<\/script>\n<!-- \/ Yoast SEO plugin. -->","yoast_head_json":{"title":"Paarshooting M\u00fcnchen - Ein Fotoshooting f\u00fcr Zwei","description":"Ein Paarshooting M\u00fcnchen - vielleicht genau das Richtige f\u00fcr Euch? Herzschlagbilder vom professionellen Fotografen mit dem Auge f\u00fcr zeitlose Sch\u00f6nheit!","robots":{"index":"index","follow":"follow","max-snippet":"max-snippet:-1","max-image-preview":"max-image-preview:large","max-video-preview":"max-video-preview:-1"},"canonical":"https:\/\/www.sindiaboldt.de\/wedding\/paarshooting-muenchen\/","og_locale":"de_DE","og_type":"article","og_title":"Paarshooting M\u00fcnchen - Ein Fotoshooting f\u00fcr Zwei","og_description":"Ein Paarshooting M\u00fcnchen - vielleicht genau das Richtige f\u00fcr Euch? Herzschlagbilder vom professionellen Fotografen mit dem Auge f\u00fcr zeitlose Sch\u00f6nheit!","og_url":"https:\/\/www.sindiaboldt.de\/wedding\/paarshooting-muenchen\/","og_site_name":"Wedding","article_modified_time":"2022-03-28T13:25:53+00:00","twitter_card":"summary_large_image","twitter_misc":{"Gesch\u00e4tzte Lesezeit":"1\u00a0Minute"},"schema":{"@context":"https:\/\/schema.org","@graph":[{"@type":"WebPage","@id":"https:\/\/www.sindiaboldt.de\/wedding\/paarshooting-muenchen\/","url":"https:\/\/www.sindiaboldt.de\/wedding\/paarshooting-muenchen\/","name":"Paarshooting M\u00fcnchen - Ein Fotoshooting f\u00fcr Zwei","isPartOf":{"@id":"https:\/\/www.sindiaboldt.de\/wedding\/#website"},"datePublished":"2020-07-14T12:10:49+00:00","dateModified":"2022-03-28T13:25:53+00:00","description":"Ein Paarshooting M\u00fcnchen - vielleicht genau das Richtige f\u00fcr Euch? Herzschlagbilder vom professionellen Fotografen mit dem Auge f\u00fcr zeitlose Sch\u00f6nheit!","breadcrumb":{"@id":"https:\/\/www.sindiaboldt.de\/wedding\/paarshooting-muenchen\/#breadcrumb"},"inLanguage":"de","potentialAction":[{"@type":"ReadAction","target":["https:\/\/www.sindiaboldt.de\/wedding\/paarshooting-muenchen\/"]}]},{"@type":"BreadcrumbList","@id":"https:\/\/www.sindiaboldt.de\/wedding\/paarshooting-muenchen\/#breadcrumb","itemListElement":[{"@type":"ListItem","position":1,"name":"Home","item":"https:\/\/www.sindiaboldt.de\/wedding\/"},{"@type":"ListItem","position":2,"name":"Paarshooting M\u00fcnchen &#8211; Ein Fotoshooting f\u00fcr Zwei"}]},{"@type":"WebSite","@id":"https:\/\/www.sindiaboldt.de\/wedding\/#website","url":"https:\/\/www.sindiaboldt.de\/wedding\/","name":"Wedding","description":"Sindia Boldt Hochzeitsfotograf M\u00fcnchen","potentialAction":[{"@type":"SearchAction","target":{"@type":"EntryPoint","urlTemplate":"https:\/\/www.sindiaboldt.de\/wedding\/?s={search_term_string}"},"query-input":{"@type":"PropertyValueSpecification","valueRequired":true,"valueName":"search_term_string"}}],"inLanguage":"de"}]}},"_links":{"self":[{"href":"https:\/\/www.sindiaboldt.de\/wedding\/wp-json\/wp\/v2\/pages\/9700","targetHints":{"allow":["GET"]}}],"collection":[{"href":"https:\/\/www.sindiaboldt.de\/wedding\/wp-json\/wp\/v2\/pages"}],"about":[{"href":"https:\/\/www.sindiaboldt.de\/wedding\/wp-json\/wp\/v2\/types\/page"}],"author":[{"embeddable":true,"href":"https:\/\/www.sindiaboldt.de\/wedding\/wp-json\/wp\/v2\/users\/1"}],"replies":[{"embeddable":true,"href":"https:\/\/www.sindiaboldt.de\/wedding\/wp-json\/wp\/v2\/comments?post=9700"}],"version-history":[{"count":0,"href":"https:\/\/www.sindiaboldt.de\/wedding\/wp-json\/wp\/v2\/pages\/9700\/revisions"}],"wp:attachment":[{"href":"https:\/\/www.sindiaboldt.de\/wedding\/wp-json\/wp\/v2\/media?parent=9700"}],"curies":[{"name":"wp","href":"https:\/\/api.w.org\/{rel}","templated":true}]}}