{"id":9721,"date":"2020-07-20T15:27:39","date_gmt":"2020-07-20T13:27:39","guid":{"rendered":"https:\/\/www.sindiaboldt.de\/wedding\/?page_id=9721"},"modified":"2022-04-14T16:42:44","modified_gmt":"2022-04-14T14:42:44","slug":"braut-boudoir-shooting-muenchen","status":"publish","type":"page","link":"https:\/\/www.sindiaboldt.de\/wedding\/braut-boudoir-shooting-muenchen\/","title":{"rendered":"Braut Boudoir Shooting M\u00fcnchen &#8211; Sinnliche Aufnahmen"},"content":{"rendered":"<h1>Was ist ein Boudoirshooting oder ein Braut Boudoir Shooting?<\/h1>\n<p>Dein Braut Boudoir Shooting M\u00fcnchen widmet sich deiner gef\u00fchlvollen, sinnlichen und verf\u00fchrerischen Seite. Es entstehen wundervoll \u00e4sth\u00e4tische Aufnahmen von Dir als Frau. Du musst daf\u00fcr weder Kleidergr\u00f6\u00dfe 36 tragen, oder Dich selbst als besonders sexy wahrnehmen. Meine Bilder sind zeitlos, elegant und zeigen deine Pers\u00f6nlichkeit auf eine ganz neue Art und Weise.<\/p>\n<p>Welchen Unterschied gibt es also nun zwischen einem Boudoir Fotoshooting und einem Bridal Boudoir Shooting? Ganz einfach: Ein Braut Boudoir Fotoshooting entsteht entweder direkt w\u00e4hrend des Getting Ready am Hochzeitstag oder einem anderen Termin vor der Hochzeit. Meist tr\u00e4gt die Braut dabei Ihre Braut Dessous und wir beziehen Brautschmuck, Blumen und Schleier mit ein. W\u00e4hrend ein klassisches Boudoir Fotoshooting unabh\u00e4ngig vom Anlass erfolgen kann.<\/p>\n<p>Dein Braut Boudoir Shooting M\u00fcnchen wird ein einmaliges Erlebnis f\u00fcr Dich &#8211; die Bilder werden f\u00fcr immer Dein Schatz sein!<\/p>\n<h2>Nur f\u00fcr die Braut?<em><br \/>\n<\/em><\/h2>\n<p>Ist das Braut Boudoir Shooting also nur etwas f\u00fcr die Braut? Meist verwenden meine Br\u00e4ute Ihre Bilder auch als Hochzeitgeschenk an Ihren Br\u00e4utigam. Entweder am Hochzeitsmorgen als wundervolle Morgengabe oder nach der Hochzeit als intimies Geschenk, wenn die Hochzeitfotos vom <a href=\"https:\/\/www.sindiaboldt.de\/wedding\/\">Hochzeitsfotografen<\/a> eintreffen. Gerade beim Braut-Boudoir habe ich als Fotograf immer auch die besondere Beziehung meiner Brautpaare im Hinterkopf und so spielt der Br\u00e4utigam w\u00e4hrend des Fotoshootings &#8211; zumindest implizit &#8211; auch eine wichtige Rolle. Das Gef\u00fchl, welches der Br\u00e4utigam beim Auspacken und Betrachten dieser Fotos empfindet ist kaum in Worte zu fassen.<\/p>\n<h2>Braut Boudoir Fotoshooting M\u00fcnchen am Hochzeitstag oder lieber vorab?<\/h2>\n<p>Hier gibt es absolut kein Richtig und kein Falsch. Viele Faktoren spielen bei der Entscheidung eine Rolle: Ist am Hochzeitstag genug Zeit um ein Boudoir Shooting ins Getting Ready zu integrieren? Eignet sich die Location f\u00fcr sch\u00f6ne sinnliche Aufnahmen mit viel nat\u00fcrlichem Licht und romantischer Kulisse? Hat die Braut am Hochzeitstag genugend Ruhe sich den Bridal Boudoir Aufnahmen zu widmen oder m\u00f6chte sie dieses besonderen Erlebnis lieber in Ruhe an einem anderen Tag genie\u00dfen? Sollen die Braut Boudoir Bilder am Hochzeitstag als Morgengabe auf den Br\u00e4utigam warten oder vielleicht ein nachgelagertes Hochzeitsgeschenk sein? Gerne berate ich Dich zu deinem Braut Boudoir Fotoshooting M\u00fcnchen und wir besprechen welche Variante f\u00fcr Dich die Beste ist!<\/p>\n<h2>Welche Location ist f\u00fcr Deine Braut Boudoir Fotos die Richtige?<em><br \/>\n<\/em><\/h2>\n<p>Auch hier gibt es verschiedene Varianten: Mein wundervolles Tageslicht Atelier steht meinen Br\u00e4uten immer als Location zur Verf\u00fcgung. Alternativ kann das Hotelzimmer der Hochzeitslocation perfekt daf\u00fcr geeignet sein. Ihr heiratet in einem Schloss und wollt das Prachtvolle Zimmer f\u00fcr Eure sinnlichen Aufnahmen nutzen? Lass uns gemeinsam den f\u00fcr Dich perfekten Ort ausw\u00e4hlen.<\/p>\n<h2>3 Tipps f\u00fcr Dein Bridal Boudoir:<\/h2>\n<p>1. Tipp: Du m\u00f6chtest Deinen Mann mit den Bildern am Hochzeitstag \u00fcberraschen? Dann melde dich 2-3 Monate vor deiner Hochzeit bei mir. So haben wir genug Zeit zum Planen eines Termins, dem Shooting, der Nachbearbeitung und der Bestellung eines sch\u00f6nen Albums oder hochwertiger Bilderbox.<\/p>\n<p>2. Tipp: Dein Bridal Boudoir Fotoshooting soll im Vorfeld der Hochzeit stattfinden? Dann eignet sich dein Probetermin Haare &amp; MakeUp bestend daf\u00fcr! Wichtig: Deine Braut-Unterw\u00e4sche und Dein Schal sollten bereits gekauft sein.<\/p>\n<p>3. Tipp:<\/p>\n<h2>Hochwertige Pr\u00e4sentation deiner Boudoir Bilder<\/h2>\n<p>Die beim Bridal Boudir Fotoshooting entstandenen Aufnahmen bekommen \u00fcberreiche ich Dir in einzigartiger und hochwertiger Form. Du w\u00e4hlst zwischem einem album oder Bilder-Passepartout-Box. Ein besonderes Geschenk an Dich oder Deinen Partner!<\/p>\n<p><img loading=\"lazy\" decoding=\"async\" class=\"aligncenter wp-image-9770 size-full\" title=\"Fotoalbum Boudoir Sindia Boldt Photography\" src=\"https:\/\/www.sindiaboldt.de\/wedding\/wp-content\/uploads\/sites\/2\/2020\/07\/Fotoalbum-Boudoir-Sindia-Boldt-Photography.jpg\" alt=\"Fotoalbum Boudoir Sindia Boldt Photography\" width=\"421\" height=\"280\" srcset=\"https:\/\/www.sindiaboldt.de\/wedding\/wp-content\/uploads\/sites\/2\/2020\/07\/Fotoalbum-Boudoir-Sindia-Boldt-Photography.jpg 421w, https:\/\/www.sindiaboldt.de\/wedding\/wp-content\/uploads\/sites\/2\/2020\/07\/Fotoalbum-Boudoir-Sindia-Boldt-Photography-300x200.jpg 300w\" sizes=\"auto, (max-width: 421px) 100vw, 421px\" \/><\/p>\n<p>Bist du auf den Geschmack gekommen? Hast du Lust auf einzigartigen Bilder von Dir, wie Du Dich noch nie gesehen hast? M\u00f6chtest Du Deine sinnliche Seite zeigen? Dann ist mein Braut Boudoir Fotoshooting M\u00fcnchen genau das Richtige f\u00fcr Dich! Denn in der Boudoir-Fotografie geht es darum, Intimit\u00e4t &amp; Sinnlichkeit auf zeitlos sch\u00f6nen Bildern festzuhalten. Denn das ist der Ursprung des Begriffs \u201cBoudoir\u201d! Er kommt aus dem Franz\u00f6sischen und bezeichnet den elegant eingerichteten R\u00fcckzugsraum der Dame des Hauses. Und diese Stimmung wollen wir in Deinen Bridal Boudoir Bildern enstehen lassen!<\/p>\n","protected":false},"excerpt":{"rendered":"<p>Was ist ein Boudoirshooting oder ein Braut Boudoir Shooting? Dein Braut Boudoir Shooting M\u00fcnchen widmet sich deiner gef\u00fchlvollen, sinnlichen und verf\u00fchrerischen Seite. Es entstehen wundervoll \u00e4sth\u00e4tische Aufnahmen von Dir als Frau. Du musst daf\u00fcr weder Kleidergr\u00f6\u00dfe 36 tragen, oder Dich selbst als besonders sexy wahrnehmen. Meine Bilder sind zeitlos, elegant und zeigen deine Pers\u00f6nlichkeit auf [&hellip;]<\/p>\n","protected":false},"author":1,"featured_media":0,"parent":0,"menu_order":0,"comment_status":"closed","ping_status":"closed","template":"","meta":{"footnotes":""},"class_list":["post-9721","page","type-page","status-publish"],"yoast_head":"<!-- This site is optimized with the Yoast SEO plugin v26.8 - https:\/\/yoast.com\/product\/yoast-seo-wordpress\/ -->\n<title>Braut Boudoir Shooting M\u00fcnchen - Sinnliche Aufnahmen<\/title>\n<meta name=\"description\" content=\"Dein Braut Boudoir Shooting M\u00fcnchen! Ein Geschenk an Dich und Deinen Liebsten. Deine Sinnlichkeit im Fokus. In meinem Atelier oder am Hochzeitstag. Mehr erfahren ...\" \/>\n<meta name=\"robots\" content=\"index, follow, max-snippet:-1, max-image-preview:large, max-video-preview:-1\" \/>\n<link rel=\"canonical\" href=\"https:\/\/www.sindiaboldt.de\/wedding\/braut-boudoir-shooting-muenchen\/\" \/>\n<meta property=\"og:locale\" content=\"de_DE\" \/>\n<meta property=\"og:type\" content=\"article\" \/>\n<meta property=\"og:title\" content=\"Braut Boudoir Shooting M\u00fcnchen - Sinnliche Aufnahmen\" \/>\n<meta property=\"og:description\" content=\"Dein Braut Boudoir Shooting M\u00fcnchen! Ein Geschenk an Dich und Deinen Liebsten. Deine Sinnlichkeit im Fokus. In meinem Atelier oder am Hochzeitstag. Mehr erfahren ...\" \/>\n<meta property=\"og:url\" content=\"https:\/\/www.sindiaboldt.de\/wedding\/braut-boudoir-shooting-muenchen\/\" \/>\n<meta property=\"og:site_name\" content=\"Wedding\" \/>\n<meta property=\"article:modified_time\" content=\"2022-04-14T14:42:44+00:00\" \/>\n<meta property=\"og:image\" content=\"https:\/\/www.sindiaboldt.de\/wedding\/wp-content\/uploads\/sites\/2\/2020\/07\/Fotoalbum-Boudoir-Sindia-Boldt-Photography.jpg\" \/>\n<meta name=\"twitter:card\" content=\"summary_large_image\" \/>\n<meta name=\"twitter:label1\" content=\"Gesch\u00e4tzte Lesezeit\" \/>\n\t<meta name=\"twitter:data1\" content=\"4\u00a0Minuten\" \/>\n<script type=\"application\/ld+json\" class=\"yoast-schema-graph\">{\"@context\":\"https:\/\/schema.org\",\"@graph\":[{\"@type\":\"WebPage\",\"@id\":\"https:\/\/www.sindiaboldt.de\/wedding\/braut-boudoir-shooting-muenchen\/\",\"url\":\"https:\/\/www.sindiaboldt.de\/wedding\/braut-boudoir-shooting-muenchen\/\",\"name\":\"Braut Boudoir Shooting M\u00fcnchen - Sinnliche Aufnahmen\",\"isPartOf\":{\"@id\":\"https:\/\/www.sindiaboldt.de\/wedding\/#website\"},\"primaryImageOfPage\":{\"@id\":\"https:\/\/www.sindiaboldt.de\/wedding\/braut-boudoir-shooting-muenchen\/#primaryimage\"},\"image\":{\"@id\":\"https:\/\/www.sindiaboldt.de\/wedding\/braut-boudoir-shooting-muenchen\/#primaryimage\"},\"thumbnailUrl\":\"https:\/\/www.sindiaboldt.de\/wedding\/wp-content\/uploads\/sites\/2\/2020\/07\/Fotoalbum-Boudoir-Sindia-Boldt-Photography.jpg\",\"datePublished\":\"2020-07-20T13:27:39+00:00\",\"dateModified\":\"2022-04-14T14:42:44+00:00\",\"description\":\"Dein Braut Boudoir Shooting M\u00fcnchen! Ein Geschenk an Dich und Deinen Liebsten. Deine Sinnlichkeit im Fokus. In meinem Atelier oder am Hochzeitstag. Mehr erfahren ...\",\"breadcrumb\":{\"@id\":\"https:\/\/www.sindiaboldt.de\/wedding\/braut-boudoir-shooting-muenchen\/#breadcrumb\"},\"inLanguage\":\"de\",\"potentialAction\":[{\"@type\":\"ReadAction\",\"target\":[\"https:\/\/www.sindiaboldt.de\/wedding\/braut-boudoir-shooting-muenchen\/\"]}]},{\"@type\":\"ImageObject\",\"inLanguage\":\"de\",\"@id\":\"https:\/\/www.sindiaboldt.de\/wedding\/braut-boudoir-shooting-muenchen\/#primaryimage\",\"url\":\"https:\/\/www.sindiaboldt.de\/wedding\/wp-content\/uploads\/sites\/2\/2020\/07\/Fotoalbum-Boudoir-Sindia-Boldt-Photography.jpg\",\"contentUrl\":\"https:\/\/www.sindiaboldt.de\/wedding\/wp-content\/uploads\/sites\/2\/2020\/07\/Fotoalbum-Boudoir-Sindia-Boldt-Photography.jpg\",\"width\":421,\"height\":280,\"caption\":\"Fotoalbum Boudoir Sindia Boldt Photography\"},{\"@type\":\"BreadcrumbList\",\"@id\":\"https:\/\/www.sindiaboldt.de\/wedding\/braut-boudoir-shooting-muenchen\/#breadcrumb\",\"itemListElement\":[{\"@type\":\"ListItem\",\"position\":1,\"name\":\"Home\",\"item\":\"https:\/\/www.sindiaboldt.de\/wedding\/\"},{\"@type\":\"ListItem\",\"position\":2,\"name\":\"Braut Boudoir Shooting M\u00fcnchen &#8211; Sinnliche Aufnahmen\"}]},{\"@type\":\"WebSite\",\"@id\":\"https:\/\/www.sindiaboldt.de\/wedding\/#website\",\"url\":\"https:\/\/www.sindiaboldt.de\/wedding\/\",\"name\":\"Wedding\",\"description\":\"Sindia Boldt Hochzeitsfotograf M\u00fcnchen\",\"potentialAction\":[{\"@type\":\"SearchAction\",\"target\":{\"@type\":\"EntryPoint\",\"urlTemplate\":\"https:\/\/www.sindiaboldt.de\/wedding\/?s={search_term_string}\"},\"query-input\":{\"@type\":\"PropertyValueSpecification\",\"valueRequired\":true,\"valueName\":\"search_term_string\"}}],\"inLanguage\":\"de\"}]}<\/script>\n<!-- \/ Yoast SEO plugin. -->","yoast_head_json":{"title":"Braut Boudoir Shooting M\u00fcnchen - Sinnliche Aufnahmen","description":"Dein Braut Boudoir Shooting M\u00fcnchen! Ein Geschenk an Dich und Deinen Liebsten. Deine Sinnlichkeit im Fokus. In meinem Atelier oder am Hochzeitstag. Mehr erfahren ...","robots":{"index":"index","follow":"follow","max-snippet":"max-snippet:-1","max-image-preview":"max-image-preview:large","max-video-preview":"max-video-preview:-1"},"canonical":"https:\/\/www.sindiaboldt.de\/wedding\/braut-boudoir-shooting-muenchen\/","og_locale":"de_DE","og_type":"article","og_title":"Braut Boudoir Shooting M\u00fcnchen - Sinnliche Aufnahmen","og_description":"Dein Braut Boudoir Shooting M\u00fcnchen! Ein Geschenk an Dich und Deinen Liebsten. Deine Sinnlichkeit im Fokus. In meinem Atelier oder am Hochzeitstag. Mehr erfahren ...","og_url":"https:\/\/www.sindiaboldt.de\/wedding\/braut-boudoir-shooting-muenchen\/","og_site_name":"Wedding","article_modified_time":"2022-04-14T14:42:44+00:00","og_image":[{"url":"https:\/\/www.sindiaboldt.de\/wedding\/wp-content\/uploads\/sites\/2\/2020\/07\/Fotoalbum-Boudoir-Sindia-Boldt-Photography.jpg","type":"","width":"","height":""}],"twitter_card":"summary_large_image","twitter_misc":{"Gesch\u00e4tzte Lesezeit":"4\u00a0Minuten"},"schema":{"@context":"https:\/\/schema.org","@graph":[{"@type":"WebPage","@id":"https:\/\/www.sindiaboldt.de\/wedding\/braut-boudoir-shooting-muenchen\/","url":"https:\/\/www.sindiaboldt.de\/wedding\/braut-boudoir-shooting-muenchen\/","name":"Braut Boudoir Shooting M\u00fcnchen - Sinnliche Aufnahmen","isPartOf":{"@id":"https:\/\/www.sindiaboldt.de\/wedding\/#website"},"primaryImageOfPage":{"@id":"https:\/\/www.sindiaboldt.de\/wedding\/braut-boudoir-shooting-muenchen\/#primaryimage"},"image":{"@id":"https:\/\/www.sindiaboldt.de\/wedding\/braut-boudoir-shooting-muenchen\/#primaryimage"},"thumbnailUrl":"https:\/\/www.sindiaboldt.de\/wedding\/wp-content\/uploads\/sites\/2\/2020\/07\/Fotoalbum-Boudoir-Sindia-Boldt-Photography.jpg","datePublished":"2020-07-20T13:27:39+00:00","dateModified":"2022-04-14T14:42:44+00:00","description":"Dein Braut Boudoir Shooting M\u00fcnchen! Ein Geschenk an Dich und Deinen Liebsten. Deine Sinnlichkeit im Fokus. In meinem Atelier oder am Hochzeitstag. Mehr erfahren ...","breadcrumb":{"@id":"https:\/\/www.sindiaboldt.de\/wedding\/braut-boudoir-shooting-muenchen\/#breadcrumb"},"inLanguage":"de","potentialAction":[{"@type":"ReadAction","target":["https:\/\/www.sindiaboldt.de\/wedding\/braut-boudoir-shooting-muenchen\/"]}]},{"@type":"ImageObject","inLanguage":"de","@id":"https:\/\/www.sindiaboldt.de\/wedding\/braut-boudoir-shooting-muenchen\/#primaryimage","url":"https:\/\/www.sindiaboldt.de\/wedding\/wp-content\/uploads\/sites\/2\/2020\/07\/Fotoalbum-Boudoir-Sindia-Boldt-Photography.jpg","contentUrl":"https:\/\/www.sindiaboldt.de\/wedding\/wp-content\/uploads\/sites\/2\/2020\/07\/Fotoalbum-Boudoir-Sindia-Boldt-Photography.jpg","width":421,"height":280,"caption":"Fotoalbum Boudoir Sindia Boldt Photography"},{"@type":"BreadcrumbList","@id":"https:\/\/www.sindiaboldt.de\/wedding\/braut-boudoir-shooting-muenchen\/#breadcrumb","itemListElement":[{"@type":"ListItem","position":1,"name":"Home","item":"https:\/\/www.sindiaboldt.de\/wedding\/"},{"@type":"ListItem","position":2,"name":"Braut Boudoir Shooting M\u00fcnchen &#8211; Sinnliche Aufnahmen"}]},{"@type":"WebSite","@id":"https:\/\/www.sindiaboldt.de\/wedding\/#website","url":"https:\/\/www.sindiaboldt.de\/wedding\/","name":"Wedding","description":"Sindia Boldt Hochzeitsfotograf M\u00fcnchen","potentialAction":[{"@type":"SearchAction","target":{"@type":"EntryPoint","urlTemplate":"https:\/\/www.sindiaboldt.de\/wedding\/?s={search_term_string}"},"query-input":{"@type":"PropertyValueSpecification","valueRequired":true,"valueName":"search_term_string"}}],"inLanguage":"de"}]}},"_links":{"self":[{"href":"https:\/\/www.sindiaboldt.de\/wedding\/wp-json\/wp\/v2\/pages\/9721","targetHints":{"allow":["GET"]}}],"collection":[{"href":"https:\/\/www.sindiaboldt.de\/wedding\/wp-json\/wp\/v2\/pages"}],"about":[{"href":"https:\/\/www.sindiaboldt.de\/wedding\/wp-json\/wp\/v2\/types\/page"}],"author":[{"embeddable":true,"href":"https:\/\/www.sindiaboldt.de\/wedding\/wp-json\/wp\/v2\/users\/1"}],"replies":[{"embeddable":true,"href":"https:\/\/www.sindiaboldt.de\/wedding\/wp-json\/wp\/v2\/comments?post=9721"}],"version-history":[{"count":0,"href":"https:\/\/www.sindiaboldt.de\/wedding\/wp-json\/wp\/v2\/pages\/9721\/revisions"}],"wp:attachment":[{"href":"https:\/\/www.sindiaboldt.de\/wedding\/wp-json\/wp\/v2\/media?parent=9721"}],"curies":[{"name":"wp","href":"https:\/\/api.w.org\/{rel}","templated":true}]}}